Calculate 212 + -56 + 71 + -133.
94
What is 39 + (-1 - 35) + (30 - 16)?
17
What is the value of -2 - (-52 + 3 + 39 - (94 + 0))?
102
Calculate 49 - ((54 - -15) + -29).
9
Calculate (-49 - -59) + -71 + 11.
-50
What is the value of (8669 - 8734) + 87 + 2?
24
What is the value of -3 - 22 - (-19 + 16 - 5) - 46?
-63
What is the value of (-26 - (-76 + 28)) + (-8 - (4 + -22))?
32
What is the value of (35 + -47 - 73) + 43 + 1?
-41
What is the value of 15 + -20 + -4 + 8 - (-42 - 3)?
44
What is 48 + 16 + (-15 - 25)?
24
What is the value of -31 - ((6 - 41) + 60)?
-56
-95 - (-146 + 195 + -183)
39
What is 26 + -52 - 6 - (4 - (-14 - -4))?
-46
What is the value of -4 - -4 - 77 - (-377 + 363)?
-63
What is the value of 0 - (-78 + 0) - (-11287 - -11272)?
93
What is the value of (7 - (20 + -12)) + (-4 - -6) + -43?
-42
What is the value of -2 - (-3 + 57 - ((17 - 11) + 0 - -3))?
-47
Calculate (-4 + -16 - 3) + 0 + 6 + (4 - 3).
-16
(-5 - (138 + -144 + (1 - 0))) + 3 + 14
17
What is (-12 - 1) + (3 - (-3 + -33)) + -14?
12
-3 - (-6 - 0) - 1 - (-157 + 112)
47
Calculate -27 + -75 + (48 + -51 - 25).
-130
Evaluate (-125 - -117 - (-2 - 1 - -13)) + -50.
-68
What is (11 - -5 - (9 - 2)) + -1 + 4?
12
What is 10923 + -10985 - (-115 - -1)?
52
What is -4 + -2 + 61 + (-100 - -45)?
0
Calculate -37 + -1 - (-1 - 6 - -19 - (29 + -7)).
-28
What is (-7 - (-1 + 2)) + (2 - (16 - (10 - 33)))?
-45
Calculate -25 + -19 + 44 + (0 - -19) - 94.
-75
What is the value of 1 - (2 + 10 + -2 - ((27 - 22) + -28))?
-32
Calculate 80 + -67 + -16 + (52 - (0 - 1)).
50
-228 + 214 + (-51 - -25)
-40
What is (-18 - (-6 + -60)) + -63?
-15
(-23 - (-8 - 4)) + (-10 - (16 + -75))
38
Evaluate (9 - 1) + (-374 - (-587 - -308)).
-87
What is the value of (14413 - 14361) + -113 + -1?
-62
What is 377 + -327 + (15 - -15)?
80
What is (152 - 165) + -32 + 3?
-42
Calculate 3 - -3 - ((45 - 28) + 26).
-37
Evaluate (119 - 105) + (-5 - 6) + 2.
5
-44 + (1 - -5 - ((18 - 1) + -21))
-34
((-1 - -17) + -17 + -18 - -42) + -7
16
Calculate 600 + -622 + 63 + -3.
38
Calculate 130 - (37 + (33 - (11 + 43))).
114
-67 - (-122 - 80) - (35 + 3)
97
What is the value of (91 + -135 - -69) + -20 + -1?
4
What is 5 + -1 + 20 - 18 - (-30 - 3)?
39
Calculate -99 + (-140 - (-138 - 134)).
33
Evaluate 9 - -10 - (-9 - (6 - 18)) - -8.
24
What is the value of 27 + (-89 - 14 - 1) + 8?
-69
Evaluate -2 + -62 + 845 + -800.
-19
Evaluate (-24 + 0 - (49 + (-11 - -39))) + 5.
-96
What is the value of -15 - (-501 + 494 + 16 + -1)?
-23
(-50 - (-4 + 62 + -41)) + -19 + 0
-86
What is (-83 - -32) + 27 + (-19 - -5)?
-38
What is the value of -134 + (95 - (-71 + 125))?
-93
What is 3256 - 3320 - (7 - (-1 - 0))?
-72
-31 + 10 + -13 - -2 - (-6 + -2 + 0)
-24
Calculate -1 + 5 - (15 + (9 - 12) + -11 + 10).
-7
What is -31 - ((-16 - (-12 + -3)) + 13)?
-43
Evaluate (-62 - 15) + 140 + -30.
33
What is the value of -65 + (-4 + -1 - (94 + -99 + 5))?
-70
What is 23 - -2 - -5 - ((-95 - -97) + (-2 - 0))?
30
Calculate -7 + (9 - 14) - 21 - (-3 - -14).
-44
Calculate -8 - 31 - -15 - -38 - 60.
-46
What is -297 - -352 - (28 - -11)?
16
Calculate 23 - 94 - -130 - 98.
-39
-1 + (1 - 2) - (-209 + 206)
1
(9 + -3 - 3) + (-79 + 52 - 10)
-34
What is 23 + -1 + -23 + 5 - (1 + -1)?
4
Calculate 17 - (123 + -173 + 4 + 12).
51
What is 3 - -112 - (0 - 35 - -22)?
128
Calculate (-8 - 2) + (-480 - -498) - (67 + 3 + -6).
-56
What is 15 + 18 + -26 + 90?
97
What is the value of -40 - (1 - (1 + -1) - ((137 - 166) + 35))?
-35
What is the value of -29 - (40 + 24 - 80)?
-13
What is the value of 10 - (13 - -12) - -21 - (5 - (24 + -4))?
21
What is the value of (-220 - -150) + 67 + -14 - (-1 - -47)?
-63
What is (-5 + -22 - -2) + (1 - -9)?
-15
-20 - (-6 - (-3 - (13 - 6) - 6))
-30
-16 + -114 + 53 + 85
8
What is the value of 64 + (-9 + (16 - -17) - 17 - (5 - -8))?
58
What is (67 - 3) + -23 + -67?
-26
What is the value of -86 - (-222 - (-81 + -12))?
43
-277 + 141 + 65 - -67
-4
What is the value of -42 + 56 + -7 - (71 - 16)?
-48
Evaluate (-172 - -22) + 85 + -35.
-100
Evaluate -20 - (23 + -15 + (13 - 4)).
-37
What is (-69 - -124) + 9 + (13 - 26)?
51
-94 - (-58 + 27 + -30)
-33
Calculate 9 + (-18 - -16) - (-5 + -8 + 10).
10
Calculate (-7 - 67 - 4) + 85.
7
What is -53 + 0 - (-5258 - -5145)?
60
Evaluate 1 - 6 - ((-9 - -1) + -8) - (17 - 59).
53
17 + (11 - 33) + 3 + 1 + -12
-13
Calculate 0 - -5 - (37 + -13 + (-4 - 20)).
5
Evaluate -3 + (-6 - (6 - 11)) + 20.
16
Evaluate (10 - 26) + 3 + 23 - -53.
63
Evaluate (-4 - -4) + 3 + 1 - (214 + -209).
-1
(67 - (-106 + 200)) + 9 + 1 + (-12 - -10)
-19
Evaluate 25 - (-35 + (-93 - -81)).
72
What is -483 + 478 + (1 - 4) + 0 + 0?
-8
What is -294 + 291 + -19 + 1 + 1 + 3?
-17
Calculate 10 + -11 + -5 + -22 - (-4 + 8).
-32
Evaluate -6 + (-36 - (-35 + -3)) + -33.
-37
Calculate -4 + (-3 - (-1 + (7 - 36))) - (-28 - -20).
31
8 + 4 - (-96 - 1) - (-5 - -7)
107
What is the value of 0 - -14 - (-3 - (22 - 13) - 13)?
39
What is 16 - ((-3 - 45) + (-3 - 12) + -2)?
81
Calculate -77 + (65 + 24 - 34).
-22
What is the value of -138 + 14 + -442 + 464?
-102
(15 + (-5 - -4) - -7) + -6 - 2
13
What is -38 + -50 + (64 - -27)?
3
Evaluate (-18 - (14 - 36)) + -38.
-34
What is the value of 155 + (10 - (4 + -1) - (-25 - -75 - 40))?
152
0 - 2 - (3092 + -3093)
-1
What is the value of -43 + (-92 - -132) - 122?
-125
Calculate (259 - 314 - (-2 - 11 - -2)) + -1 + 9.
-36
What is ((20 - 39) + 27 - -15) + -51?
-28
Evaluate 36 - (-883 + 893 - (10 + (1 - -1))).
38
What is 25 - (0 - (12 + 12 + -8 + 6 + -11))?
36
Evaluate -3 + 0 + -13 + 12 + (8 - 10) + -15.
-21
What is -24 - (-5 + (14 + -29 - -41))?
-45
What is the value of (12 - 9) + -6 + (9 - (3 - 0)) + 62?
65
What is the value of -7 - -20 - (-9 + 37 - 24)?
9
What is the value of (12 - 9 - -1) + (10 - (-15 + -32))?
61
Calculate (3 + 11 - 2) + 21 + (-42 - -29).
20
(-2 - (-39 + 3)) + (36 + -33 - 10)
27
(-11 + 15 + 1 - -67 - (8 + -1)) + 0
65
95 - (-46 - -14 - 22)
149
What is the value of 10 - (24 + 76 + -40 - (3 + 10))?
-37
What is the value of -63 - (3 + (-13 - -18 - 4) + -9)?
-58
0 + 1 - (15 + 8 + 22 + (10 - 21))
-33
What is the value of (102 - 85) + -9 + -43?
-35
Evaluate -84 - (6 + -12) - (63 - 31 - (18 - -1)).
-91
Calculate (3 + -10 - 7) + 6 + -6.
-14
What is -29 + 2 + 3 - (-191 + 100)?
67
117 + 8 + 1 + (-6 - (42 + -26))
104
What is -14 - (-116 + -54 - (-50 - -8))?
114
What is 29 - (9 + 4 + (-12 - -4) + (0 - -1))?
23
Evaluate (36 - (16 - -3)) + -14 + 6.
9
-15 + (7 - -5) + (127 - 120) + (9 - 0)
13
What is the value of (6 + -2 - (-18 - -29)) + -41 - -17?
-31
What is the value of 3 - 16 - (-16 + (6 - (-15 - -8)))?
-10
Evaluate (41 - 19 - 12) + -5 + 1 - (-72 - 2).
80
21 - 41 - -22 - (26 - -3)
-27
What is 103 - (21 + 3 + (-699 - -693))?
85
What is the value of 7 - (-14 - -35 - 4 - (4 - 1 - -4))?
-3
What is the value of 3 - (0 - -5) - (-81 + -15) - (-48 + 57)?
85
90 + -12 + -62 + 23
39
(1 - -132) + (2141 - 2207)
67
Evaluate (-31 - -28) + (-2 - -5 - 6) - (45 + 1).
-52
What is the value of -5 + 55 + -126 + 49?
-27
Evaluate 36 + -95 + 82 - 39.
-16
Evaluate -50 + (24 - 30) + 17 + -36.
-75
(-34 - -65) + -33 - (-27 - (4 - 2 - 3))
24
What is the value of (-87 - 0 - (-20 - -2)) + 21?
-48
Evaluate 50 + ((-2 - -11 - 1) + 507 + -520 - -16).
61
(-25 - -30 - -6) + -1 + 12
22
What is the value of (128 + 48 - 135) + 0 + -23?
18
Evaluate (-4 + 3 + 30 - 20) + -18.
-9
What is the value of 32 - 106 - (4 - -2 - 2 - (37 - 25))?
-66
What is (23 - 25) + 19 - (4 - -6) - 23?
-16
Calculate 159 - (48 + (-37 - -4 - -11)).
133
Evaluate -3 - (-11 + 20) - 4 - -22.
6
Calculate 2650 + -2664 - (2 + (0 - 81)).
65
Evaluate 75 + -23 + 14 + -1 + -8 + 9.
66
Calculate 39 + (-53 - -30) + -23.
-7
What is -2 + 0 + 3 + 11 + -6 + -49?
-43
What is (-2319 - -2338) + (-1 + 1 - -3 - 58)?
-36
What is -15 + 30 + 6 + -15 + -19?
-13
What is the value of -23159 - -23159 - (6 - 0 - 1)?
-5
What is 109 + (-49 - (116 + -105))?
49
What is the value of -12 - (14 + (-4 - 7) + 3 + -22)?
4
Calculate 5 + 29 + -1 - (443 + -450).
40
What is the value of 72 + -18 + (-19 - -6)?
41
8 - ((-14 + 5 - 0) + 20 + (3 - 23))
17
(10 + -4 - 8) + 4 - (0 - 25)
27
What is the value of (0 - 1 - (34 + -1)) + (529 - (204 - -328))?
-37
What is the value of (-149 + 123 - 68) + 127?
33
Calculate (20 - 10) + (1 + -15 - 10).
-14
Evaluate (-14 + -5 - -25) + 16 + -22.
0
What is the value of -1 -